{"id":825,"date":"2022-11-03T10:17:11","date_gmt":"2022-11-03T10:17:11","guid":{"rendered":"https:\/\/iidyoga.com\/Polish\/?page_id=825"},"modified":"2025-09-07T17:12:27","modified_gmt":"2025-09-07T15:12:27","slug":"menopauza","status":"publish","type":"page","link":"https:\/\/iidyoga.com\/Polish\/menopauza\/","title":{"rendered":"Joga w menopauzie"},"content":{"rendered":"<p>[et_pb_section fb_built=&#8221;1&#8243; fullwidth=&#8221;on&#8221; _builder_version=&#8221;4.9.0&#8243; _module_preset=&#8221;default&#8221;][et_pb_fullwidth_slider _builder_version=&#8221;4.9.0&#8243; _module_preset=&#8221;default&#8221;][et_pb_slide heading=&#8221;Joga w Menopauzie&#8221; button_link=&#8221;http:\/\/miloszmaciejewski.co.uk\/client\/project\/thai-yoga\/&#8221; _builder_version=&#8221;4.9.0&#8243; _module_preset=&#8221;default&#8221; background_image=&#8221;https:\/\/iidyoga.com\/Polish\/wp-content\/uploads\/2022\/11\/IMG-20221017-WA0139.jpg&#8221; background_enable_image=&#8221;on&#8221; sticky_transition=&#8221;on&#8221;][\/et_pb_slide][\/et_pb_fullwidth_slider][\/et_pb_section][et_pb_section fb_built=&#8221;1&#8243; _builder_version=&#8221;4.9.0&#8243; _module_preset=&#8221;default&#8221;][et_pb_row _builder_version=&#8221;4.9.0&#8243; _module_preset=&#8221;default&#8221;][et_pb_column type=&#8221;4_4&#8243; _builder_version=&#8221;4.9.0&#8243; _module_preset=&#8221;default&#8221;][et_pb_text _builder_version=&#8221;4.9.0&#8243; _module_preset=&#8221;default&#8221; module_alignment=&#8221;center&#8221; custom_margin=&#8221;||||false|true&#8221; custom_padding=&#8221;|20%||20%|false|true&#8221;]<\/p>\n<h1 style=\"text-align: center;\"><strong>JOGA W MENOPAUZIE<\/strong><\/h1>\n<p>&nbsp;<\/p>\n<p><strong>Czym jest joga w Menopauzie?<\/strong><\/p>\n<p>To rodzaj jogi, kt\u00f3ry wspiera kobiety w okresie przed, w trakcie i po menopauzie. Jest unikalnympo\u0142\u0105czeniem wybranych pozycji jogi, technik oddechowych, relaksacyjnych i medytacyjnych, kt\u00f3rezosta\u0142y specjalnie dostosowane, aby pom\u00f3c kobietom w radzeniu sobie z g\u0142\u00f3wnymi objawami menopauzy takimi jak: uderzenia gor\u0105ca i nocne poty; stres czy niepok\u00f3j; dra\u017cliwo\u015b\u0107 i wahania nastroju; bezsenno\u015b\u0107; b\u00f3le g\u0142owy czy zm\u0119czenie; brak koncentracji i pami\u0119ci; b\u00f3le mi\u0119\u015bni i staw\u00f3w; nietrzymanie moczu; wzrost masy cia\u0142a.<\/p>\n<p>&nbsp;<\/p>\n<p><strong>Co daje joga w Menopauzie:<\/strong><\/p>\n<ul>\n<li>\u0141agodzi dolegliwo\u015bci menopauzalne<\/li>\n<li>Oferuje pozytywne spojrzenie na menopauz\u0119<\/li>\n<li>U\u0142atwia zaakceptowanie zmian, kt\u00f3re towarzysz\u0105 menopauzie<\/li>\n<li>Dodatkow\u0105 korzy\u015bci\u0105 uczestnictwa w zaj\u0119ciach jest tworzenie poczucia wsp\u00f3lnoty. To powoduje, \u017ce kobiety nie czuj\u0105 si\u0119 samotne i pozbawione wsparcia w tym czasie<\/li>\n<\/ul>\n<p>&nbsp;<\/p>\n<p>Menopauza czasami nazywana jest \u201eSecond Spring\u201d &#8211; termin ten opisuje wyzwalaj\u0105cy czas dla kobiety. Wkracza ona w drug\u0105 po\u0142ow\u0119 \u017cycia, kt\u00f3ra mo\u017ce sta\u0107 si\u0119 okresem jej najwi\u0119kszej si\u0142y, m\u0105dro\u015bci, witalno\u015bci i spe\u0142nienia<\/p>\n<p>&nbsp;<\/p>\n<p><strong>Dla kogo przeznaczone s\u0105 zaj\u0119cia:<\/strong><br \/> Dla kobiet: w okresie przed, w trakcie i po menopauzie<\/p>\n<p>&nbsp;<\/p>\n<p><span style=\"font-size: 14px;\"><strong>W programie ka\u017cdych zaj\u0119\u0107:<\/strong><\/span><\/p>\n<ul>\n<li>\u0106wiczenia fizyczne<\/li>\n<li>\u0106wiczenia technik oddychania<\/li>\n<li>Relaksacja \/ Medytacja<\/li>\n<li>Wsp\u00f3ln\u0105 rozmow\u0119 i wzajemn\u0105 wymian\u0119 do\u015bwiadcze\u0144<\/li>\n<\/ul>\n<p>&nbsp;<\/p>\n<p><strong>Zaj\u0119cia odbywaj\u0105 si\u0119 w Szpitalu \u015bw. Zofii<\/strong><\/p>\n<p><span style=\"font-size: 14px;\">Zaj\u0119cia\u00a0<\/span><strong style=\"font-size: 14px;\">\u015aroda 18.00 \u2013 17.15<\/strong><strong style=\"font-size: 14px;\">\u00a0<\/strong><\/p>\n<p>&nbsp;<\/p>\n<p>Zapisy i p\u0142atno\u015b\u0107 prowadzi Dzia\u0142 Edukacja Szpitala \u015bw. Zofii: e-mail: <a href=\"mailto:dydaktyka@szpitalzelazna.pl\">dydaktyka@szpitalzelazna.pl<\/a><\/p>\n<p>\u201eJakby to dziwnie nie brzmia\u0142o, menopauza mo\u017ce by\u0107 dobrym momentem w \u017cyciu. Chocia\u017cby z<br \/> jednego powodu \u2013 dyskomfort, kt\u00f3ry p\u0142ynie z cia\u0142a, to wyra\u017any sygna\u0142: \u201ezajmij si\u0119 mn\u0105, dostrze\u017c<br \/> mnie, zr\u00f3b dla mnie co\u015b dobrego! Wi\u0119cej odpoczywaj, lepiej jedz, oddychaj i ruszaj si\u0119!\u201d.<br \/> Trudno ten apel, kt\u00f3re wysy\u0142amy same do siebie, zignorowa\u0107. W poszukiwaniu \u015bcie\u017cki, kt\u00f3ra<br \/> pomo\u017ce zapewni\u0107 sobie w okresie menopauzy dobrostan, wiele kobiet trafia na jog\u0119. Nie jest<br \/> to, bowiem tylko forma ruchu, ale &#8211; je\u015bli j\u0105 tylko prawid\u0142owo rozumie\u0107 \u2013 spos\u00f3b holistycznego<br \/> dbania o siebie\u201d &#8211; zach\u0119cam do lektury ca\u0142ego wywiadu ze mn\u0105 na stronach <a href=\"https:\/\/zwierciadlo.pl\/zdrowie\/529956,1,joga-w-menopauzie--czas-sie-o-siebie-%20zatroszczyc.read?fbclid=IwAR2TpeHjnjBB1d_xpqtxMHlHhOs1D1hgwu8uQYRNYoHZzxz_e8nHteoS tcY\">Zwierciadlo.pl<\/a><\/p>\n<p>&nbsp;<\/p>\n<p>W celu uzyskaniu dodatkowych informacji, prosz\u0119 o kontakt te\u0142: 694 145542 lub\u00a0<a href=\"mailto:inga@iidyoga.com\">inga@iidyoga.com<\/a><\/p>\n<p>[\/et_pb_text][\/et_pb_column][\/et_pb_row][\/et_pb_section]<\/p>\n","protected":false},"excerpt":{"rendered":"<p>[et_pb_section fb_built=&#8221;1&#8243; fullwidth=&#8221;on&#8221; _builder_version=&#8221;4.9.0&#8243; _module_preset=&#8221;default&#8221;][et_pb_fullwidth_slider _builder_version=&#8221;4.9.0&#8243; _module_preset=&#8221;default&#8221;][et_pb_slide heading=&#8221;Joga w Menopauzie&#8221; button_link=&#8221;http:\/\/miloszmaciejewski.co.uk\/client\/project\/thai-yoga\/&#8221; _builder_version=&#8221;4.9.0&#8243; _module_preset=&#8221;default&#8221; background_image=&#8221;https:\/\/iidyoga.com\/Polish\/wp-content\/uploads\/2022\/11\/IMG-20221017-WA0139.jpg&#8221; background_enable_image=&#8221;on&#8221; sticky_transition=&#8221;on&#8221;][\/et_pb_slide][\/et_pb_fullwidth_slider][\/et_pb_section][et_pb_section fb_built=&#8221;1&#8243; _builder_version=&#8221;4.9.0&#8243; _module_preset=&#8221;default&#8221;][et_pb_row _builder_version=&#8221;4.9.0&#8243; _module_preset=&#8221;default&#8221;][et_pb_column type=&#8221;4_4&#8243; _builder_version=&#8221;4.9.0&#8243; _module_preset=&#8221;default&#8221;][et_pb_text _builder_version=&#8221;4.9.0&#8243; _module_preset=&#8221;default&#8221; module_alignment=&#8221;center&#8221; custom_margin=&#8221;||||false|true&#8221; custom_padding=&#8221;|20%||20%|false|true&#8221;] JOGA W MENOPAUZIE &nbsp; Czym jest joga w Menopauzie? To rodzaj jogi, kt\u00f3ry wspiera kobiety w okresie przed, w trakcie i po menopauzie. Jest unikalnympo\u0142\u0105czeniem wybranych [&hellip;]<\/p>\n","protected":false},"author":1,"featured_media":0,"parent":0,"menu_order":0,"comment_status":"closed","ping_status":"closed","template":"","meta":{"_et_pb_use_builder":"on","_et_pb_old_content":"","_et_gb_content_width":"","footnotes":""},"class_list":["post-825","page","type-page","status-publish","hentry"],"aioseo_notices":[],"_links":{"self":[{"href":"https:\/\/iidyoga.com\/Polish\/wp-json\/wp\/v2\/pages\/825","targetHints":{"allow":["GET"]}}],"collection":[{"href":"https:\/\/iidyoga.com\/Polish\/wp-json\/wp\/v2\/pages"}],"about":[{"href":"https:\/\/iidyoga.com\/Polish\/wp-json\/wp\/v2\/types\/page"}],"author":[{"embeddable":true,"href":"https:\/\/iidyoga.com\/Polish\/wp-json\/wp\/v2\/users\/1"}],"replies":[{"embeddable":true,"href":"https:\/\/iidyoga.com\/Polish\/wp-json\/wp\/v2\/comments?post=825"}],"version-history":[{"count":8,"href":"https:\/\/iidyoga.com\/Polish\/wp-json\/wp\/v2\/pages\/825\/revisions"}],"predecessor-version":[{"id":853,"href":"https:\/\/iidyoga.com\/Polish\/wp-json\/wp\/v2\/pages\/825\/revisions\/853"}],"wp:attachment":[{"href":"https:\/\/iidyoga.com\/Polish\/wp-json\/wp\/v2\/media?parent=825"}],"curies":[{"name":"wp","href":"https:\/\/api.w.org\/{rel}","templated":true}]}}